at are the prime factors of 356634065?
5, 71, 151, 6653
What are the prime factors of 3455577521?
11, 314143411
What are the prime factors of 1691435681?
13, 5839, 22283
List the prime factors of 3897487652.
2, 974371913
List the prime factors of 1349171454.
2, 3, 224861909
What are the prime factors of 27616717?
27616717
List the prime factors of 380110844.
2, 1151, 82561
What are the prime factors of 61474100?
2, 5, 614741
What are the prime factors of 22831700?
2, 5, 29, 7873
What are the prime factors of 8530875?
3, 5, 7583
List the prime factors of 121471462.
2, 7, 8676533
What are the prime factors of 5321009330?
2, 5, 7, 13, 5847263
What are the prime factors of 1864736930?
2, 5, 7, 83, 320953
What are the prime factors of 242898377?
23, 37, 79, 3613
List the prime factors of 44024264.
2, 5503033
What are the prime factors of 49726213?
29, 73, 83, 283
What are the prime factors of 8514178?
2, 17, 71, 3527
What are the prime factors of 47203222?
2, 11, 23, 93287
What are the prime factors of 888159092?
2, 1427, 155599
List the prime factors of 45335286.
2, 3, 37, 68071
List the prime factors of 1294182581.
24419, 52999
What are the prime factors of 644926439?
179, 3602941
What are the prime factors of 105646381?
17, 41, 151573
What are the prime factors of 3233247658?
2, 43, 613, 61331
List the prime factors of 2441120549.
7, 193, 1806899
What are the prime factors of 8271787?
193, 42859
List the prime factors of 59386107.
3, 11, 1799579
List the prime factors of 6690856995.
3, 5, 148685711
What are the prime factors of 182278661?
41, 4445821
List the prime factors of 504613019.
504613019
List the prime factors of 90123629.
90123629
What are the prime factors of 3156357041?
1427, 2211883
What are the prime factors of 8884380?
2, 3, 5, 148073
List the prime factors of 159296447.
159296447
List the prime factors of 1533780816.
2, 3, 31953767
List the prime factors of 230809365.
3, 5, 1709699
List the prime factors of 1652593616.
2, 1259, 82039
What are the prime factors of 1153758201?
3, 384586067
List the prime factors of 77215330.
2, 5, 131, 58943
List the prime factors of 1191903926.
2, 47, 12679829
What are the prime factors of 21696005?
5, 19, 137, 1667
What are the prime factors of 398386969?
83, 4799843
List the prime factors of 1352797692.
2, 3, 109, 1034249
What are the prime factors of 1064546159?
1064546159
List the prime factors of 226371384.
2, 3, 383, 8209
What are the prime factors of 105308232?
2, 3, 191, 22973
What are the prime factors of 2285580?
2, 3, 5, 11, 3463
List the prime factors of 1596725961.
3, 532241987
List the prime factors of 2249014872.
2, 3, 13, 7208381
List the prime factors of 172398761.
19, 9073619
What are the prime factors of 31889043?
3, 3543227
What are the prime factors of 29154715?
5, 29, 67, 3001
What are the prime factors of 46384241?
173, 197, 1361
List the prime factors of 3356020853.
29, 47, 157, 15683
What are the prime factors of 54328705?
5, 113, 96157
List the prime factors of 1973756373.
3, 43, 191, 80107
What are the prime factors of 145272982?
2, 773, 93967
List the prime factors of 381842518.
2, 127, 1503317
List the prime factors of 175160476.
2, 389, 112571
List the prime factors of 2880478753.
2880478753
What are the prime factors of 705937788?
2, 3, 6536461
List the prime factors of 135532970.
2, 5, 751, 18047
List the prime factors of 33135427.
13, 2548879
List the prime factors of 93131468.
2, 23282867
What are the prime factors of 183918959?
7, 487, 53951
What are the prime factors of 172934453?
29, 5963257
What are the prime factors of 17768199?
3, 67, 109, 811
What are the prime factors of 38212886?
2, 4073, 4691
What are the prime factors of 392596064?
2, 7, 479, 3659
List the prime factors of 26961431.
7, 1699, 2267
List the prime factors of 165594422.
2, 7, 1689739
List the prime factors of 141284188.
2, 1669, 21163
List the prime factors of 538241618.
2, 269120809
List the prime factors of 166387160.
2, 5, 17, 244687
What are the prime factors of 77386359?
3, 107, 241079
What are the prime factors of 1616400920?
2, 5, 40410023
What are the prime factors of 983479125?
3, 5, 2622611
What are the prime factors of 10790379?
3, 839, 1429
What are the prime factors of 266187760?
2, 5, 3327347
What are the prime factors of 35320896?
2, 3, 13, 53, 89
What are the prime factors of 44376489?
3, 4930721
What are the prime factors of 6298601896?
2, 11083, 71039
What are the prime factors of 172538961?
3, 7, 1747, 4703
List the prime factors of 12149710.
2, 5, 1214971
What are the prime factors of 2248278105?
3, 5, 149885207
What are the prime factors of 228358941?
3, 1511, 50377
What are the prime factors of 28452585?
3, 5, 7, 38711
List the prime factors of 28383385.
5, 389, 14593
List the prime factors of 54317568.
2, 3, 35363
What are the prime factors of 3835410818?
2, 19709, 97301
List the prime factors of 1872097560.
2, 3, 5, 673, 7727
What are the prime factors of 838064231?
41, 498551
List the prime factors of 47246992.
2, 13, 101, 173
List the prime factors of 16789295.
5, 41, 81899
What are the prime factors of 20344049?
11, 61, 30319
List the prime factors of 423609701.
423609701
What are the prime factors of 1594717223?
11, 239, 606587
What are the prime factors of 164363522?
2, 191, 587, 733
List the prime factors of 30233539.
7, 617011
What are the prime factors of 29955549?
3, 13, 317, 2423
What are the prime factors of 53609685?
3, 5, 3573979
List the prime factors of 180762870.
2, 3, 5, 17, 239, 1483
What are the prime factors of 761595664?
2, 41, 739, 1571
List the prime factors of 68145599.
68145599
List the prime factors of 6890904954.
2, 3, 127609351
List the prime factors of 1115851757.
1867, 597671
List the prime factors of 845623541.
7, 61, 1980383
List the prime factors of 32052389.
61, 97, 5417
What are the prime factors of 6773746427?
7, 29, 4766887
List the prime factors of 730913567.
31, 23577857
What are the prime factors of 111680190?
2, 3, 5, 211, 5881
What are the prime factors of 163483868?
2, 109, 257, 1459
What are the prime factors of 5356625654?
2, 19, 107, 1317419
What are the prime factors of 307889168?
2, 19243073
List the prime factors of 28562850.
2, 3, 5, 63473
What are the prime factors of 17161063?
47, 365129
What are the prime factors of 4071472514?
2, 2035736257
What are the prime factors of 5226592988?
2, 167, 1427, 5483
What are the prime factors of 1791882649?
97, 18473017
List the prime factors of 17480404.
2, 31, 61, 2311
What are the prime factors of 2431910806?
2, 13, 1459, 64109
List the prime factors of 96570495.
3, 5, 7, 102191
What are the prime factors of 60007970?
2, 5, 11, 545527
What are the prime factors of 14897737?
43, 199, 1741
What are the prime factors of 533953779?
3, 177984593
What are the prime factors of 977283381?
3, 325761127
List the prime factors of 4333948935.
3, 5, 29, 37, 67, 4019
What are the prime factors of 134712920?
2, 5, 3367823
What are the prime factors of 289142582?
2, 144571291
What are the prime factors of 2051355241?
13, 157796557
What are the prime factors of 319354592?
2, 71, 367, 383
What are the prime factors of 375984815?
5, 75196963
What are the prime factors of 4516651140?
2, 3, 5, 75277519
List the prime factors of 23009879.
23009879
List the prime factors of 768456989.
97, 379, 20903
List the prime factors of 37971779.
37971779
List the prime factors of 6605006.
2, 3302503
What are the prime factors of 160427571?
3, 173, 309109
List the prime factors of 422424279.
3, 17, 23, 120041
List the prime factors of 344025975.
3, 5, 4587013
What are the prime factors of 289461815?
5, 661, 87583
List the prime factors of 3213685856.
2, 23, 4366421
What are the prime factors of 98656430?
2, 5, 23, 37, 11593
List the prime factors of 1594137968.
2, 43, 67, 34583
What are the prime factors of 9767950?
2, 5, 195359
What are the prime factors of 615730588?
2, 11, 43, 325439
What are the prime factors of 25710184?
2, 3213773
What are the prime factors of 5203306541?
19, 3517, 77867
List the prime factors of 319632529.
37, 2617, 3301
List the prime factors of 5289209224.
2, 13, 449, 8713
List the prime factors of 7629647.
113, 251, 269
What are the prime factors of 611161454?
2, 2221, 137587
Wha